{"id":17661,"date":"2021-09-23T00:47:48","date_gmt":"2021-09-23T00:47:48","guid":{"rendered":"https:\/\/cnz.org.ar\/?page_id=17661"},"modified":"2021-09-23T00:57:39","modified_gmt":"2021-09-23T00:57:39","slug":"yachting-formula-phrf","status":"publish","type":"page","link":"https:\/\/web.cnz.org.ar\/?page_id=17661","title":{"rendered":"Inscripci\u00f3n Yachting Formula PHRF"},"content":{"rendered":"<p>Para inscribirse complete todos los datos solicitados en el siguiente formulario y env\u00edela haciendo clic en el bot\u00f3n enviar.<\/p>\n<p>El env\u00edo de esta inscripci\u00f3n compromete al pago de la misma:<\/p>\n[wpforms id=&#8221;17663&#8243;]\n<p><span style=\"color: #ff0000;\">*Campos obligatorios<\/span><\/p>\n<p style=\"text-align: justify;\"><strong>AL INSCRIBIRSE UD. ESTA ACEPTANDO:<\/strong><br \/>\n&#8220;La decisi\u00f3n de intervenir en la competencia es exclusivamente m\u00eda.<br \/>\nEn consecuencia, relevo de toda responsabilidad a cualquier Instituci\u00f3n vinculada con la Regata y a toda persona f\u00edsica o jur\u00eddica relacionada con la misma, asumiendo a mi cargo cualquier da\u00f1o o perjuicio que pueda ser consecuencia de mi participaci\u00f3n en la regata.&#8221;<\/p>\n","protected":false},"excerpt":{"rendered":"<p>Para inscribirse complete todos los datos solicitados en el siguiente formulario y env\u00edela haciendo clic en el bot\u00f3n enviar. El env\u00edo de esta inscripci\u00f3n compromete al pago de la misma: [wpforms id=&#8221;17663&#8243;] *Campos obligatorios AL INSCRIBIRSE UD. ESTA ACEPTANDO: &#8220;La decisi\u00f3n de intervenir en la competencia es exclusivamente m\u00eda. En consecuencia, relevo de toda responsabilidad [&hellip;]<\/p>\n","protected":false},"author":1,"featured_media":0,"parent":0,"menu_order":0,"comment_status":"closed","ping_status":"closed","template":"","meta":{"footnotes":""},"class_list":["post-17661","page","type-page","status-publish","hentry"],"_links":{"self":[{"href":"https:\/\/web.cnz.org.ar\/index.php?rest_route=\/wp\/v2\/pages\/17661","targetHints":{"allow":["GET"]}}],"collection":[{"href":"https:\/\/web.cnz.org.ar\/index.php?rest_route=\/wp\/v2\/pages"}],"about":[{"href":"https:\/\/web.cnz.org.ar\/index.php?rest_route=\/wp\/v2\/types\/page"}],"author":[{"embeddable":true,"href":"https:\/\/web.cnz.org.ar\/index.php?rest_route=\/wp\/v2\/users\/1"}],"replies":[{"embeddable":true,"href":"https:\/\/web.cnz.org.ar\/index.php?rest_route=%2Fwp%2Fv2%2Fcomments&post=17661"}],"version-history":[{"count":6,"href":"https:\/\/web.cnz.org.ar\/index.php?rest_route=\/wp\/v2\/pages\/17661\/revisions"}],"predecessor-version":[{"id":17671,"href":"https:\/\/web.cnz.org.ar\/index.php?rest_route=\/wp\/v2\/pages\/17661\/revisions\/17671"}],"wp:attachment":[{"href":"https:\/\/web.cnz.org.ar\/index.php?rest_route=%2Fwp%2Fv2%2Fmedia&parent=17661"}],"curies":[{"name":"wp","href":"https:\/\/api.w.org\/{rel}","templated":true}]}}