{"id":330,"date":"2011-03-28T18:35:35","date_gmt":"2011-03-28T21:35:35","guid":{"rendered":"http:\/\/web.cnz.org.ar\/?page_id=330"},"modified":"2015-06-17T15:15:05","modified_gmt":"2015-06-17T18:15:05","slug":"basquet","status":"publish","type":"page","link":"https:\/\/web.cnz.org.ar\/?page_id=330","title":{"rendered":"B\u00e1squet"},"content":{"rendered":"<p><img loading=\"lazy\" decoding=\"async\" class=\"alignright size-full wp-image-312\" title=\"titulo_basquet\" src=\"https:\/\/web.cnz.org.ar\/wp-content\/uploads\/2011\/03\/titulo_basquet.png\" alt=\"\" width=\"480\" height=\"228\" \/><\/p>\n<h3><span style=\"text-decoration: underline;\"><strong>Horarios<br \/>\n<\/strong><\/span><\/h3>\n<p><span style=\"text-decoration: underline;\">Primera<\/span><\/p>\n<p>Lunes a Viernes de 18.00 a 22.00hs<\/p>\n<p><span style=\"text-decoration: underline;\">Sub 13<\/span><br \/>\nLunes a Viernes a partir de las 14.00hs<\/p>\n<p><span style=\"text-decoration: underline;\">Minib\u00e1squet<\/span><br \/>\nMartes y Jueves<br \/>\n19.15 a 20.15hs y de 20.15 a 21.15hs<\/p>\n<p><span style=\"text-decoration: underline;\">Maxib\u00e1squet<\/span><br \/>\nMartes de 20.30 a 22.00hs<br \/>\nJueves de 21.30 a 23.00hs<br \/>\nS\u00e1bados de 19.30 a 22.30hs<\/p>\n","protected":false},"excerpt":{"rendered":"<p>Horarios Primera Lunes a Viernes de 18.00 a 22.00hs Sub 13 Lunes a Viernes a partir de las 14.00hs Minib\u00e1squet Martes y Jueves 19.15 a 20.15hs y de 20.15 a 21.15hs Maxib\u00e1squet Martes de 20.30 a 22.00hs Jueves de 21.30 a 23.00hs S\u00e1bados de 19.30 a 22.30hs<\/p>\n","protected":false},"author":3,"featured_media":0,"parent":309,"menu_order":2,"comment_status":"closed","ping_status":"closed","template":"","meta":{"footnotes":""},"class_list":["post-330","page","type-page","status-publish","hentry"],"_links":{"self":[{"href":"https:\/\/web.cnz.org.ar\/index.php?rest_route=\/wp\/v2\/pages\/330","targetHints":{"allow":["GET"]}}],"collection":[{"href":"https:\/\/web.cnz.org.ar\/index.php?rest_route=\/wp\/v2\/pages"}],"about":[{"href":"https:\/\/web.cnz.org.ar\/index.php?rest_route=\/wp\/v2\/types\/page"}],"author":[{"embeddable":true,"href":"https:\/\/web.cnz.org.ar\/index.php?rest_route=\/wp\/v2\/users\/3"}],"replies":[{"embeddable":true,"href":"https:\/\/web.cnz.org.ar\/index.php?rest_route=%2Fwp%2Fv2%2Fcomments&post=330"}],"version-history":[{"count":7,"href":"https:\/\/web.cnz.org.ar\/index.php?rest_route=\/wp\/v2\/pages\/330\/revisions"}],"predecessor-version":[{"id":9750,"href":"https:\/\/web.cnz.org.ar\/index.php?rest_route=\/wp\/v2\/pages\/330\/revisions\/9750"}],"up":[{"embeddable":true,"href":"https:\/\/web.cnz.org.ar\/index.php?rest_route=\/wp\/v2\/pages\/309"}],"wp:attachment":[{"href":"https:\/\/web.cnz.org.ar\/index.php?rest_route=%2Fwp%2Fv2%2Fmedia&parent=330"}],"curies":[{"name":"wp","href":"https:\/\/api.w.org\/{rel}","templated":true}]}}